nd derivative of 23/2*h**2 + 7/12*h**4 + 1/2*h**3 + 9*h + 0. Is g(6) composite?
False
Let x(k) = 10*k**2 + 2*k + 3. Let y(d) = -d - 1. Let u(z) = x(z) + 2*y(z). Suppose -2 = -i + 1. Is u(i) prime?
False
Suppose -4*r = -2*n - 85068, -59899 = -3*r + 5*n + 3888. Is r a composite number?
False
Let d(b) = 306*b + 103. Is d(10) composite?
False
Let z(o) = o**2 + 4*o. Let t(j) = j + 2. Let w be t(-6). Let b be z(w). Suppose s + 139 = 5*g + 538, -s - 2*g + 385 = b. Is s composite?
False
Suppose 3*p - 12 + 0 = 0. Let n(v) = -p*v**3 + 3 + 0*v - 5*v**2 + 3*v**3 + 5*v - 4*v. Is n(-6) prime?
False
Suppose 0*r - 2*r - 5*a = -64957, 5 = -a. Is r a composite number?
False
Let b(f) = -6*f**3 - 3*f**2 + 2*f + 1. Let d(s) = -s**2 + 3*s + 5. Let r be d(5). Let x be b(r). Is (2/3)/(12/x) prime?
True
Suppose 23*u - 19549 = -2115. Is u composite?
True
Let z = -3 + 16. Let b = z + -11. Is 2232/16 + (-1)/b prime?
True
Let o(n) = 190*n - 13. Let p(l) = 189*l - 12. Let j(q) = -4*o(q) + 5*p(q). Is j(9) a composite number?
False
Let s(q) = q**2 - 3*q. Let c be s(4). Suppose -b = -4*h - 303, -c*b - 3*h = -0*h - 1250. Suppose -4*l + b = -3*l. Is l a prime number?
True
Is (-10055)/(-8 + 2 - (-35 + 30)) prime?
False
Let b(t) = -7*t**3 - 6*t**2 + 9*t + 15. Is b(-7) a composite number?
True
Let k(a) = -18*a**3 - 16*a**2 + 14*a - 29. Is k(-9) composite?
True
Let p = -916 + -392. Let q = p + 2993. Is q composite?
True
Let f = -22 - -31. Let j be (-6)/4*12/f. Is j + (-2 - 817)/(-3) prime?
True
Suppose 48*w + 55 = 43*w. Let k = -33 - -51. Let g = k + w. Is g a composite number?
False
Let n(j) = -j + 14. Let o be n(-8). Let x(k) = k**3 - 21*k**2 - 2*k + 17. Is x(o) composite?
False
Suppose 0 = 136*t - 130*t - 3774. Is t a composite number?
True
Let o = 2402 - 1114. Let v = o + -869. Is v a prime number?
True
Is (-2)/7 + (-1 - (-72356)/14) prime?
True
Let a = 216 + -16. Suppose 4*d + 64 = 4*m + a, 5*d + 22 = -m. Let g = m - -66. Is g a composite number?
True
Suppose w - 13 = -5. Suppose -w*i + 5*i + 2667 = 0. Is i prime?
False
Let p = 105 + 10. Let v(r) = 64*r + 4. Let n be v(5). Let w = n - p. Is w a prime number?
False
Suppose -3*t + 217 = 721. Let z = -91 + -6. Let q = z - t. Is q a prime number?
True
Suppose -9*z + 2671 = 286. Is z prime?
False
Let b be (26 - -1)*(-36)/(-27). Suppose 11*v - 10*v - b = 0. Suppose v = 2*l - 66. Is l a composite number?
True
Suppose 0 = 3*f - 4*x - 112911, 0*x + 112884 = 3*f + 5*x. Is f composite?
False
Let f(g) = -g**3 + g**2 + 5*g + 7. Let i be f(-5). Suppose 0 = -7*l + i - 27. Is -4 - l/(-3)*2 composite?
True
Is 0/21 + (1 - -5544) prime?
False
Is ((-3 - 2) + -5 + 11)*15761 composite?
False
Suppose -5*l = 9 - 169. Suppose -o = l - 153. Is o prime?
False
Let c = -33270 - -47513. Is c a prime number?
True
Let k(p) = 48*p**2 + p - 3. Let h = 25 + -23. Is k(h) composite?
False
Let d = 25 - 16. Let f be 8/(-36) + 38/d. Let u(q) = 34*q + 7. Is u(f) a prime number?
False
Is 8737 + -5*((-18)/30 + 1) prime?
False
Let w(p) = -35*p - 1. Let z(r) = 36*r + 1. Let x(d) = -6*w(d) - 5*z(d). Is x(7) composite?
False
Let r(a) = 801*a + 116. Is r(7) prime?
False
Let u be 0*(-1)/(-2) + -25 + 12. Let h(f) = -f**3 + 5*f**2 - 5*f + 2. Is h(u) prime?
True
Suppose 44*p - 258301 = p. Is p composite?
False
Suppose 476 = -2*k - 1072. Let g = k - -1285. Is g a composite number?
True
Is (2 - (-2745)/(-2))*-2 a composite number?
False
Suppose 2*k = k + 371. Is k + (3 + 2 - 3) + 0 a composite number?
False
Let x = 1153 - 274. Is x prime?
False
Let z = -56 + 56. Suppose -2*f - 1216 = -s - s, z = 5*s - f - 3060. Is s prime?
True
Suppose -4*n + 54660 + 1720 = 0. Is n composite?
True
Let f(i) = -7*i**3 + i**2 - 1. Let l be f(-1). Is (-3)/l + (-70284)/(-42) a prime number?
False
Suppose 3*z + 2424 = -2*c + 6*c, 5*z - 1847 = -3*c. Suppose -n + 4*n = c. Is n prime?
False
Let n(v) = v - 2. Let h be n(6). Suppose h*p + 1136 = m - p, -5*m = -3*p - 5746. Is m composite?
False
Let m(q) = 5*q**3 - 2*q + 8. Let u(t) = -6*t**3 - t**2 + 2*t - 9. Let d(w) = -5*m(w) - 4*u(w). Is d(-3) a prime number?
True
Let v(y) = 3*y**2 - 5*y + 2. Let x be v(-6). Suppose -2*l = -0*l - 154. Let r = l + x. Is r a prime number?
False
Is (-75)/(-5)*(2 - 1972/(-20)) prime?
False
Is (-16816)/(-4) + (-6)/2 a prime number?
True
Is 3 + (-27572)/(-4) + 2 a composite number?
True
Suppose 44*h = 35968 + 78388. Is h prime?
False
Is ((-12)/36 - 0)/((-2)/40566) a composite number?
False
Suppose 2*o + o - b = 238, 0 = -3*o - 5*b + 250. Let z = 52 - o. Is z/(-12)*(-1 - -58) a composite number?
True
Let m be 341 + 3/(1 + 0). Let u = m + 723. Suppose 7*x - 368 = u. Is x a composite number?
True
Suppose 0 = -4*z + 4*w + 12, -2*z + 2 = -w + 3*w. Suppose -u - v + 249 = 0, 6*u - 4*u - z*v - 506 = 0. Is u a prime number?
True
Suppose 6487 = -8*j + 12*j - 5*o, -5*j + 4*o = -8111. Is j a composite number?
True
Suppose -12*u + 10*u + 24 = 0. Suppose -3*x = 3*x - u. Suppose 0 = -x*o + 3*v + 195 + 628, o - 444 = -5*v. Is o prime?
True
Suppose 0 = -2*s - 2*f + 14, -2*f + 3 = -s - f. Let v = -2 + s. Suppose -2*p + x = 3*p - 800, v = -4*p - 3*x + 659. Is p a composite number?
True
Let x = 8 - 12. Let i be (x - -4)/(2 + -4). Suppose i = -5*y - 0*y + z + 1893, y - 389 = -5*z. Is y a prime number?
True
Let r = -553 - -1382. Is r a prime number?
True
Suppose 27*h + 26442 = 30*h - 5*k, 0 = -k + 3. Is h a composite number?
False
Let k = 164 + -288. Let j = k + 206. Suppose -99 = -3*o + 3*p, -o - o = 2*p - j. Is o composite?
False
Suppose 0 = 3*p - 3*w + 3, -w + 3*w - 2 = -3*p. Suppose p = -5*b + 7*b + 882. Let g = 848 + b. Is g composite?
True
Suppose o = 3*u + 13241 - 35958, -37863 = -5*u + o. Is u a prime number?
True
Suppose 3*j = 5*i - 0 - 2, -3*i - 10 = j. Is (-2163)/(-9)*(j - -7) prime?
False
Let h(s) = -s**3 + s**2 - s + 4. Let k be h(0). Suppose 0*r + 2*m = -k*r + 2, 0 = 3*r + 3*m + 6. Suppose 3*i + 2714 = 8*i - r*c, 2*i = -c + 1079. Is i prime?
True
Let r(i) = 6*i**2 - 9*i - 22. Suppose -5*x - 2*v = -85, x = -5*v + 48 - 8. Is r(x) a composite number?
False
Let t = 314 + -778. Let n = t + 1317. Is n a prime number?
True
Suppose -m - 4*o + 24285 = 4*m, -5*m = o - 24300. Is m prime?
True
Let h(u) be the second derivative of u**5/60 - u**4/24 + 7*u**3/6 - 5*u**2/2 - 2*u. Let j(x) be the first derivative of h(x). Is j(7) a prime number?
False
Let g(w) = w**2 - 2*w + 526. Let b be (-4)/22 + ((-2)/(-11) - 0). Is g(b) composite?
True
Is 75/25 - 8922/(-3) composite?
True
Suppose -a + 1234 = -1345. Is a a composite number?
False
Let r(o) be the first derivative of -o**7/105 - o**6/120 + o**5/20 - o**4/8 + 2*o**3 + 3. Let u(b) be the third derivative of r(b). Is u(-4) a composite number?
True
Let j(a) = -1214*a - 3. Is j(-4) a composite number?
True
Let n(u) be the first derivative of -u**5/60 + u**4/8 - 8*u**3/3 - 2. Let b(w) be the third derivative of n(w). Is b(-9) a composite number?
True
Let t(p) = -p**3 - 4*p**2 + p + 2. Let c be t(-2). Let b(n) = n**3 + 8*n**2 + n + 10. Let u be b(c). Suppose -u*i = i - 573. Is i composite?
False
Suppose -5*w - 7 + 17 = 0. Suppose 0 = m - w*m + 623. Suppose -m = -0*a - a. Is a prime?
False
Let y(c) = 8649*c**2 - 8*c + 10. Is y(1) prime?
False
Let a be (-3873 + 1)/4 + 0 + 1. Let x = -326 - a. Is x composite?
False
Suppose -3*q + 26930 + 25093 = 0. Is q composite?
False
Suppose -3*q = 4*n - 53, 3*n - 2*q = q + 24. Let r(z) = 0 + 3 + 14 + 5*z**2 - 4 - n*z. Is r(6) a prime number?
True
Let k(r) = -426*r + 51. Is k(-11) a prime number?
False
Let m(x) = 21*x + 2302. Is m(0) a composite number?
True
Let g(y) = y + 358. Is g(40) composite?
True
Let w = 29 + -29. Suppose w = f - 4, -j = j - 2*f - 20. Is j composite?
True
Let s = 10 + -12. Let y be 36/(-1)*2/s. Suppose -4*d - 287 + y = -3*t, 5*d + 335 = 4*t. Is t a prime number?
False
Let s be 3/12 - 17/4. Let r(j) = -2*j**3 - 3*j**2 - 8*j - 9. Is r(s) a composite number?
False
Suppose 5*m - 5 = 0, -b = m - 124 - 2. Let w = b + -72. Is w prime?
True
Suppose o - 2 = 0, -o + 14206 = 5*t - 6771. Is t prime?
False
Let f be (-15)/((-4672)/1556 + 3). Suppose -a - 4*l = -3*l - 1158, 5*a = 4*l + f. Is a a prime number?
True
Let n = -1662 - -3443. Is n composite?
True
Suppose 2*l + 8 = s, -2*s - 3*l - 12 = s. Suppose -2 + 26 = 6*b. Suppose s*r - 332 = -b*r. Is r prime?
Tru